7 = 0. Suppose 0 = -2*x + 5 + k. What is the units digit of x?
4
Let q(s) = 4*s**2 - 4*s + 3. Let j(d) = d - 1. Let o be j(4). What is the units digit of q(o)?
7
Let q = -63 + 87. What is the units digit of q?
4
Suppose -511 + 179 = -2*b. What is the hundreds digit of b?
1
What is the hundreds digit of -3 - (-3435)/12 - (-1)/(-4)?
2
Let f = -57 - -95. What is the tens digit of f?
3
Let b be (-90)/21*1*-7. What is the units digit of ((-4)/(-12))/(2/b)?
5
Suppose -2*v = -4*t - 26, v - 6*t + 2*t = 11. Let b = -9 + v. What is the units digit of b?
6
Suppose -4*t = -0*t - 16. Suppose 2*z = -3*q + 27, -t*q - 3*z + 5 = -31. What is the units digit of q?
9
Suppose -c - c = -4*p, -3*c - p = 0. Suppose c = 3*n - 2*n - 2. What is the units digit of n?
2
Let k be 25*6/45*3. Let p be (-10)/4*(-8)/k. Suppose p = -4*a + 22. What is the units digit of a?
5
Suppose 2*n - z - 39 = 0, 4*n - 6*z = -z + 81. What is the units digit of n?
9
Let n = -44 + 42. Let g be 1/(0 + 1/3). What is the units digit of (g/n)/(1/(-2))?
3
Let k(w) = 3*w**2 + 2*w - 3. Let x be k(2). Suppose -3*d = -1 + x. What is the units digit of d*(-2)/4*1?
2
Suppose 13 = -2*l + 27. Suppose -l = -4*g + 85. What is the tens digit of g?
2
Let a = 49 + -19. What is the tens digit of a?
3
Suppose -246 + 9 = -3*z. What is the units digit of z?
9
Suppose x - 27 = -p + 4, 4*x + 12 = 0. What is the units digit of p?
4
Let f = 3 - 1. Let c be (-9)/6*f/3. Let q = c + 3. What is the units digit of q?
2
Let n = 14 + 6. Suppose -2*m = -n + 2. What is the units digit of m?
9
Let r be 186/12 - (-2)/(-4). Suppose 4*z = -9 - r. What is the units digit of 2/3*z/(-4)?
1
Let j(w) = -2 + 7*w - w**3 + 5*w - 4*w + 6*w**2. Suppose 3*p - 3 = 18. What is the units digit of j(p)?
5
Suppose -4 - 36 = -2*t. What is the units digit of t?
0
Suppose 0 = -7*k + 676 + 38. What is the tens digit of k?
0
Let z(a) = a**2 + 2*a + 3. Let p be z(-2). Suppose -p*h - 20 = -8*h. What is the units digit of h?
4
Let g(c) = c**2 + 4*c - 3. Suppose 0 = -3*u + 3*f + 1 - 4, -5*f + 15 = 0. What is the units digit of g(u)?
9
What is the tens digit of 10 - 11 - (1 - 18*2)?
3
Suppose -5 = -v - 2. Suppose v*p + 12 + 0 = 0. What is the units digit of 2/2 + (-1 - p)?
4
Let y = -42 + 157. What is the hundreds digit of y?
1
Let g be -7*(10/(-2) - 2). Suppose 5*l - 2*d - 71 = 0, 0*l - 3*l + g = 2*d. Suppose 3*f - 2*p = l, -f + 2*p - 1 = -2. What is the units digit of f?
7
Suppose -2*f = -0*f - 20. Let u = f - 8. What is the units digit of -2*u/12*-42?
4
Suppose -10 = 2*i - 5*z + 11, -10 = -2*z. Suppose 4*f + i = 6. What is the units digit of f?
1
Let d(z) = z**3 - 3*z**2 + z + 1. Let y be d(2). What is the units digit of 24/5*(y - -6)?
4
Suppose 7*w = 3*w. Let x(l) = -l**3 - l**2 - l + 24. What is the tens digit of x(w)?
2
Let i(w) = w - 6. Let b be i(5). What is the units digit of 1 + 9 - (1 - b)?
8
Suppose -126 = -m - 5*s - 12, 2*s + 410 = 3*m. What is the tens digit of m?
3
Let g(c) = -3*c - 16. What is the tens digit of g(-11)?
1
Suppose -2*p = -p - 3. Suppose 2*u = 3*s - 108, -3*s = -p*u + 2*u - 108. What is the units digit of s?
6
Let a(j) = -3*j**2 + 35*j - 4 - j**3 - 18*j - 16*j. What is the tens digit of a(-5)?
4
Let f(o) be the first derivative of -2*o - 2 + 1/2*o**2. What is the units digit of f(5)?
3
Suppose -b - 3*b + 3*g - 1 = 0, -2*b - g = 3. Let m be b/(-2 - (-9)/5). Suppose 0 = 4*r - 5*w - 41, 2*r - 3*r + 29 = -m*w. What is the units digit of r?
4
Let d(n) = n**3 - 12*n**2 + n + 16. What is the units digit of d(12)?
8
Suppose -2*k = 5*c, -3*k - 4*c = c - 5. Suppose -20 = -k*x + h, 5*x + 2*h - 1 = 19. What is the units digit of x?
4
Let z(x) be the second derivative of x**3/3 + 3*x**2 + x. Let a be z(6). Let c = -9 + a. What is the units digit of c?
9
Let o(q) = 2*q. Let d be o(2). Suppose 2*c - 3*z = z - d, -2 = 3*c - 4*z. What is the units digit of c?
2
Suppose -3*a = 2*a - 25. Suppose 0 = 2*x + a*z - 17, 3*x - x - z - 35 = 0. Suppose -x - 17 = -3*s. What is the tens digit of s?
1
Let n(a) = a**2 + 2*a - 1. Let d be n(-3). Suppose -o - 5 = -d*o. What is the units digit of o?
5
Let l = 710 - 389. What is the hundreds digit of l?
3
Suppose 2*w - 11 = -4*l + 11, 4*w - 35 = -5*l. Let i(p) = p**2 + p - 7. What is the tens digit of i(w)?
2
Suppose n + 20 = 4*s + s, -20 = -4*s. Suppose n = x - 5. What is the tens digit of x?
1
Let v = -29 - -47. Suppose f - 3*f + 2*s = -v, 0 = -2*f - s + 12. What is the units digit of f?
7
What is the units digit of -355*(-9)/((-135)/(-6))?
2
Let f = 256 - 189. What is the units digit of f?
7
What is the hundreds digit of 205 + 11 + -4 - (5 - 1)?
2
What is the units digit of ((-575)/(-15) - 6) + (-2)/6?
2
Suppose -4*s + 86 = -46. What is the units digit of s?
3
Suppose -4*x - q + 29 = x, 3*x - q - 19 = 0. Let a be -2*(9/x + 0). What is the units digit of (2/a)/(4/(-12))?
2
Let q = 3 + 0. Suppose -q*j - 35 = 3*o + 1, -o = -j - 22. Let g = -8 - j. What is the units digit of g?
9
Let j = -14 + 43. Let z = j + -20. What is the units digit of z?
9
Let n(g) = g**2 - 7*g - 1. Let b(x) = -4*x**2 + 20*x + 3. Let i(l) = -6*b(l) - 17*n(l). What is the units digit of i(1)?
5
Let h(d) = -6*d - 10. What is the units digit of h(-7)?
2
Let p(w) = w**2 - 8*w + 11. Let b = -8 + 16. What is the tens digit of p(b)?
1
Let r(z) be the third derivative of -z**6/120 + 3*z**5/20 - z**4/3 + z**3/3 - 2*z**2. What is the units digit of r(8)?
2
Let d(f) = f**3 + 6*f**2 + 4*f + 2. Let g = -6 - -1. What is the units digit of d(g)?
7
Let b be 0 + 0 + 1 + 4. Let a(s) = 4*s + 2. What is the tens digit of a(b)?
2
Let f = -10 + 14. Suppose -f = -2*d - 0. Suppose -d*c - 2 = -26. What is the units digit of c?
2
Suppose 0*n = 2*n - 100. What is the tens digit of n?
5
Let w(h) = -h**3 - 3*h**2 + 2*h + 5. What is the units digit of w(-4)?
3
Let y be (-3)/2*(-8)/(-3). Let h(s) = -4*s - 3. What is the tens digit of h(y)?
1
Let u = 4 - -31. Let c = u + 25. Suppose s - c = -3*s. What is the tens digit of s?
1
Let j(s) = s + 64. What is the tens digit of j(-26)?
3
Suppose 265 - 60 = 3*a + 4*p, 2*a + 3*p - 136 = 0. What is the tens digit of a?
7
What is the units digit of (-3*14/(-63))/(1/6)?
4
Let v(a) = 20*a**2 + 3*a + 1. Let n be v(-2). Let k be -4*1*n/(-12). Let t = -16 + k. What is the units digit of t?
9
Suppose -3*r + 51 + 3 = 0. Let o = r + 18. What is the units digit of o/4*2/6?
3
Suppose -3*u + 7 = 1. Suppose -15 - 25 = -u*l. What is the tens digit of l?
2
Suppose 12*l = 10*l + 96. What is the tens digit of l?
4
Let g(b) be the third derivative of b**5/60 - b**4/12 - 7*b**3/6 + b**2. Let j be g(-7). What is the units digit of 6/(-27) + j/9?
6
Let n = 12 + -12. Suppose n = -4*u - u + g + 228, 4*g - 213 = -5*u. What is the tens digit of u?
4
Suppose 0*f = 4*f + 96. Let b = 13 - f. What is the tens digit of b?
3
Let w be 2 - (0 + -3 + 5). Suppose w = -2*l - l + 4*i + 21, -2*l - 2*i = 0. What is the units digit of l?
3
Let u(b) = -12*b - 21. What is the units digit of u(-6)?
1
Let n be (-12)/4 + -4*1. Let b = n + 15. What is the units digit of b?
8
Suppose -3*j = -5*x + 3 + 5, 0 = 5*j + 5*x. Let y be 6/2 + (j - 49). What is the units digit of y/(-3) - (-2)/6?
6
Suppose 0 = -u + 14 + 7. What is the tens digit of u?
2
Suppose 3*r - 2*r = 30. What is the tens digit of ((-1)/(-2))/(1/r)?
1
Suppose 0 = s - 6 - 0. What is the units digit of s?
6
Let f = -31 + 76. What is the tens digit of f?
4
Suppose 0 = 3*n - 24 - 108. What is the tens digit of n?
4
Let x be (14/(-6))/(1/3). What is the units digit of (x - -6)/((-2)/20)?
0
Let n = -9 - -83. What is the units digit of n?
4
Let f(p) = 4*p**2 + p - 3. What is the units digit of f(-2)?
1
Suppose 0 = -2*d - 5 + 25. What is the tens digit of d?
1
Let g(k) = -k - 1 + 2 + 6. What is the tens digit of g(-5)?
1
Let r = -14 + 6. Let n = r - -14. Suppose 0*q - n = -3*q. What is the units digit of q?
2
Suppose 3*g + 3*v = v + 42, 5*g - 70 = -2*v. Suppose -4*d - 5*o + 26 = 0, o - g = -d - 2*d. What is the units digit of d?
4
Suppose -2*p + 3*k = 5, 2*p + 3*p = -4*k - 47. Let v = 7 - p. What is the units digit of v?
4
Suppose -i + 135 = 2*i. What is the tens digit of i?
4
Let h(r) be the first derivative of 2*r**2 - 2*r + 6. What is the tens digit of h(7)?
2
What is the tens digit of (8/(-14))/((-2)/889)?
5
Let a